{"id":299,"date":"2019-10-16T13:25:35","date_gmt":"2019-10-16T13:25:35","guid":{"rendered":"https:\/\/whishsports.com\/Blog\/?page_id=299"},"modified":"2019-12-26T14:39:35","modified_gmt":"2019-12-26T14:39:35","slug":"whishsports","status":"publish","type":"page","link":"https:\/\/whishsports.com\/Blog\/whishsports\/","title":{"rendered":"Whishsports"},"content":{"rendered":"<p><em><strong>Wishsports.com<\/strong><\/em> \u00a0est un portail de d\u00e9couverte \u00a0permettant de d\u00e9couvrir le monde du sport d&#8217;une mani\u00e8re simple subtile , et fun vous y d\u00e9couvrirez les bases de diff\u00e9rents\u00a0 sport individuel ou collectif<\/p>\n<p>vous y d\u00e9couvrirez aussi des sport bizarre que vous n&#8217;avez pas l&#8217;habitude de voir au quotidien . ce sera une plate-forme qui rassemblera tous les sports avec leurs championnats , champions qui ont marqu\u00e9 l&#8217;histoire avec leur exploits physique , et leur volont\u00e9 les \u00e9quipes les supporters leur diff\u00e9rentes techniques et m\u00e9thodes de pr\u00e9paration afin de soutenir leur diff\u00e9rentes \u00e9quipe, on fera \u00a0ensemble des voyages afin de revenir afin de voir comment un sport ou une discipline bien pr\u00e9cise \u00e0 vu le jour .<\/p>\n<p>il\u00a0 y aura aussi des tests de sports en directe afin que vous ayez aussi cette exp\u00e9rience visuelle de ce dernier .<\/p>\n<p>Ce sera aussi une plate-forme de partage pour les amoureux et fans de sport de tout genre leur permettant aussi de partager leur connaissance par rapports \u00e0 ce sport de poser des question ,d\u00e9battre concernant un th\u00e8me ou une id\u00e9e qu&#8217;il aimerai qu&#8217;on partage ou qu&#8217;on \u00e9claircisse .<\/p>\n<p>Des jeux et des Quizz afin d&#8217;am\u00e9liorer votre culture sportive et bien d&#8217;autres Goodies \u00e0 d\u00e9couvrir !!!<\/p>\n<p>Toute l&#8217;\u00e9quipe de wishsports.com vous souhaite la bienvenue et n&#8217;h\u00e9sitez pas \u00e0 partager avec nous n&#8217;importe quelle information .<\/p>\n<p style=\"text-align: right;\">Equipe Whishsports.com<\/p>\n<p style=\"text-align: right;\">Avec tous nos remerciements.<\/p>\n<p>\u00a0<\/p>\n\n\n<figure class=\"wp-block-image\"><img data-recalc-dims=\"1\" decoding=\"async\" width=\"631\" height=\"497\" src=\"https:\/\/i0.wp.com\/whishsports.com\/Blog\/wp-content\/uploads\/2019\/10\/005afb0f916080a335e6-3.jpg?resize=631%2C497&#038;ssl=1\" alt=\"\" class=\"wp-image-303\" srcset=\"https:\/\/i0.wp.com\/whishsports.com\/Blog\/wp-content\/uploads\/2019\/10\/005afb0f916080a335e6-3.jpg?w=631&amp;ssl=1 631w, https:\/\/i0.wp.com\/whishsports.com\/Blog\/wp-content\/uploads\/2019\/10\/005afb0f916080a335e6-3.jpg?resize=300%2C236&amp;ssl=1 300w\" sizes=\"(max-width: 631px) 100vw, 631px\" \/><\/figure>\n","protected":false},"excerpt":{"rendered":"<p>Wishsports.com \u00a0est un portail de d\u00e9couverte \u00a0permettant de d\u00e9couvrir le monde du sport d&#8217;une mani\u00e8re<\/p>\n","protected":false},"author":2,"featured_media":0,"parent":0,"menu_order":0,"comment_status":"closed","ping_status":"closed","template":"","meta":{"nf_dc_page":"","om_disable_all_campaigns":false,"_monsterinsights_skip_tracking":false,"_monsterinsights_sitenote_active":false,"_monsterinsights_sitenote_note":"","_monsterinsights_sitenote_category":0,"footnotes":""},"class_list":["post-299","page","type-page","status-publish","hentry"],"yoast_head":"<!-- This site is optimized with the Yoast SEO plugin v27.5 - https:\/\/yoast.com\/product\/yoast-seo-wordpress\/ -->\n<title>Whishsports &#8211; The Sports of the world<\/title>\n<meta name=\"robots\" content=\"index, follow, max-snippet:-1, max-image-preview:large, max-video-preview:-1\" \/>\n<link rel=\"canonical\" href=\"https:\/\/whishsports.com\/Blog\/whishsports\/\" \/>\n<meta property=\"og:locale\" content=\"fr_FR\" \/>\n<meta property=\"og:type\" content=\"article\" \/>\n<meta property=\"og:title\" content=\"Whishsports &#8211; The Sports of the world\" \/>\n<meta property=\"og:description\" content=\"Wishsports.com \u00a0est un portail de d\u00e9couverte \u00a0permettant de d\u00e9couvrir le monde du sport d&#8217;une mani\u00e8re\" \/>\n<meta property=\"og:url\" content=\"https:\/\/whishsports.com\/Blog\/whishsports\/\" \/>\n<meta property=\"og:site_name\" content=\"The Sports of the world\" \/>\n<meta property=\"article:modified_time\" content=\"2019-12-26T14:39:35+00:00\" \/>\n<meta property=\"og:image\" content=\"https:\/\/whishsports.com\/Blog\/wp-content\/uploads\/2019\/10\/005afb0f916080a335e6-3.jpg\" \/>\n<meta name=\"twitter:card\" content=\"summary_large_image\" \/>\n<meta name=\"twitter:label1\" content=\"Dur\u00e9e de lecture estim\u00e9e\" \/>\n\t<meta name=\"twitter:data1\" content=\"1 minute\" \/>\n<script type=\"application\/ld+json\" class=\"yoast-schema-graph\">{\"@context\":\"https:\\\/\\\/schema.org\",\"@graph\":[{\"@type\":\"WebPage\",\"@id\":\"https:\\\/\\\/whishsports.com\\\/Blog\\\/whishsports\\\/\",\"url\":\"https:\\\/\\\/whishsports.com\\\/Blog\\\/whishsports\\\/\",\"name\":\"Whishsports &#8211; The Sports of the world\",\"isPartOf\":{\"@id\":\"https:\\\/\\\/whishsports.com\\\/Blog\\\/#website\"},\"primaryImageOfPage\":{\"@id\":\"https:\\\/\\\/whishsports.com\\\/Blog\\\/whishsports\\\/#primaryimage\"},\"image\":{\"@id\":\"https:\\\/\\\/whishsports.com\\\/Blog\\\/whishsports\\\/#primaryimage\"},\"thumbnailUrl\":\"https:\\\/\\\/whishsports.com\\\/Blog\\\/wp-content\\\/uploads\\\/2019\\\/10\\\/005afb0f916080a335e6-3.jpg\",\"datePublished\":\"2019-10-16T13:25:35+00:00\",\"dateModified\":\"2019-12-26T14:39:35+00:00\",\"breadcrumb\":{\"@id\":\"https:\\\/\\\/whishsports.com\\\/Blog\\\/whishsports\\\/#breadcrumb\"},\"inLanguage\":\"fr-FR\",\"potentialAction\":[{\"@type\":\"ReadAction\",\"target\":[\"https:\\\/\\\/whishsports.com\\\/Blog\\\/whishsports\\\/\"]}]},{\"@type\":\"ImageObject\",\"inLanguage\":\"fr-FR\",\"@id\":\"https:\\\/\\\/whishsports.com\\\/Blog\\\/whishsports\\\/#primaryimage\",\"url\":\"https:\\\/\\\/i0.wp.com\\\/whishsports.com\\\/Blog\\\/wp-content\\\/uploads\\\/2019\\\/10\\\/005afb0f916080a335e6-3.jpg?fit=631%2C497&ssl=1\",\"contentUrl\":\"https:\\\/\\\/i0.wp.com\\\/whishsports.com\\\/Blog\\\/wp-content\\\/uploads\\\/2019\\\/10\\\/005afb0f916080a335e6-3.jpg?fit=631%2C497&ssl=1\",\"width\":631,\"height\":497},{\"@type\":\"BreadcrumbList\",\"@id\":\"https:\\\/\\\/whishsports.com\\\/Blog\\\/whishsports\\\/#breadcrumb\",\"itemListElement\":[{\"@type\":\"ListItem\",\"position\":1,\"name\":\"Home\",\"item\":\"https:\\\/\\\/whishsports.com\\\/Blog\\\/\"},{\"@type\":\"ListItem\",\"position\":2,\"name\":\"Whishsports\"}]},{\"@type\":\"WebSite\",\"@id\":\"https:\\\/\\\/whishsports.com\\\/Blog\\\/#website\",\"url\":\"https:\\\/\\\/whishsports.com\\\/Blog\\\/\",\"name\":\"The Sports of the world\",\"description\":\"Know more about each sport around the world !\",\"publisher\":{\"@id\":\"https:\\\/\\\/whishsports.com\\\/Blog\\\/#\\\/schema\\\/person\\\/092c1757e2c0bf93e962ffa20c9f030f\"},\"potentialAction\":[{\"@type\":\"SearchAction\",\"target\":{\"@type\":\"EntryPoint\",\"urlTemplate\":\"https:\\\/\\\/whishsports.com\\\/Blog\\\/?s={search_term_string}\"},\"query-input\":{\"@type\":\"PropertyValueSpecification\",\"valueRequired\":true,\"valueName\":\"search_term_string\"}}],\"inLanguage\":\"fr-FR\"},{\"@type\":[\"Person\",\"Organization\"],\"@id\":\"https:\\\/\\\/whishsports.com\\\/Blog\\\/#\\\/schema\\\/person\\\/092c1757e2c0bf93e962ffa20c9f030f\",\"name\":\"Youssef Mdarhri\",\"image\":{\"@type\":\"ImageObject\",\"inLanguage\":\"fr-FR\",\"@id\":\"https:\\\/\\\/whishsports.com\\\/Blog\\\/wp-content\\\/cache\\\/swift-performance\\\/whishsports.com\\\/garvatar-cache\\\/ce089acd258df48c9104267b15b7edfd\",\"url\":\"https:\\\/\\\/whishsports.com\\\/Blog\\\/wp-content\\\/cache\\\/swift-performance\\\/whishsports.com\\\/garvatar-cache\\\/ce089acd258df48c9104267b15b7edfd\",\"contentUrl\":\"https:\\\/\\\/whishsports.com\\\/Blog\\\/wp-content\\\/cache\\\/swift-performance\\\/whishsports.com\\\/garvatar-cache\\\/ce089acd258df48c9104267b15b7edfd\",\"caption\":\"Youssef Mdarhri\"},\"logo\":{\"@id\":\"https:\\\/\\\/whishsports.com\\\/Blog\\\/wp-content\\\/cache\\\/swift-performance\\\/whishsports.com\\\/garvatar-cache\\\/ce089acd258df48c9104267b15b7edfd\"},\"sameAs\":[\"https:\\\/\\\/whishsports.com\"]}]}<\/script>\n<!-- \/ Yoast SEO plugin. -->","yoast_head_json":{"title":"Whishsports &#8211; The Sports of the world","robots":{"index":"index","follow":"follow","max-snippet":"max-snippet:-1","max-image-preview":"max-image-preview:large","max-video-preview":"max-video-preview:-1"},"canonical":"https:\/\/whishsports.com\/Blog\/whishsports\/","og_locale":"fr_FR","og_type":"article","og_title":"Whishsports &#8211; The Sports of the world","og_description":"Wishsports.com \u00a0est un portail de d\u00e9couverte \u00a0permettant de d\u00e9couvrir le monde du sport d&#8217;une mani\u00e8re","og_url":"https:\/\/whishsports.com\/Blog\/whishsports\/","og_site_name":"The Sports of the world","article_modified_time":"2019-12-26T14:39:35+00:00","og_image":[{"url":"https:\/\/whishsports.com\/Blog\/wp-content\/uploads\/2019\/10\/005afb0f916080a335e6-3.jpg","type":"","width":"","height":""}],"twitter_card":"summary_large_image","twitter_misc":{"Dur\u00e9e de lecture estim\u00e9e":"1 minute"},"schema":{"@context":"https:\/\/schema.org","@graph":[{"@type":"WebPage","@id":"https:\/\/whishsports.com\/Blog\/whishsports\/","url":"https:\/\/whishsports.com\/Blog\/whishsports\/","name":"Whishsports &#8211; The Sports of the world","isPartOf":{"@id":"https:\/\/whishsports.com\/Blog\/#website"},"primaryImageOfPage":{"@id":"https:\/\/whishsports.com\/Blog\/whishsports\/#primaryimage"},"image":{"@id":"https:\/\/whishsports.com\/Blog\/whishsports\/#primaryimage"},"thumbnailUrl":"https:\/\/whishsports.com\/Blog\/wp-content\/uploads\/2019\/10\/005afb0f916080a335e6-3.jpg","datePublished":"2019-10-16T13:25:35+00:00","dateModified":"2019-12-26T14:39:35+00:00","breadcrumb":{"@id":"https:\/\/whishsports.com\/Blog\/whishsports\/#breadcrumb"},"inLanguage":"fr-FR","potentialAction":[{"@type":"ReadAction","target":["https:\/\/whishsports.com\/Blog\/whishsports\/"]}]},{"@type":"ImageObject","inLanguage":"fr-FR","@id":"https:\/\/whishsports.com\/Blog\/whishsports\/#primaryimage","url":"https:\/\/i0.wp.com\/whishsports.com\/Blog\/wp-content\/uploads\/2019\/10\/005afb0f916080a335e6-3.jpg?fit=631%2C497&ssl=1","contentUrl":"https:\/\/i0.wp.com\/whishsports.com\/Blog\/wp-content\/uploads\/2019\/10\/005afb0f916080a335e6-3.jpg?fit=631%2C497&ssl=1","width":631,"height":497},{"@type":"BreadcrumbList","@id":"https:\/\/whishsports.com\/Blog\/whishsports\/#breadcrumb","itemListElement":[{"@type":"ListItem","position":1,"name":"Home","item":"https:\/\/whishsports.com\/Blog\/"},{"@type":"ListItem","position":2,"name":"Whishsports"}]},{"@type":"WebSite","@id":"https:\/\/whishsports.com\/Blog\/#website","url":"https:\/\/whishsports.com\/Blog\/","name":"The Sports of the world","description":"Know more about each sport around the world !","publisher":{"@id":"https:\/\/whishsports.com\/Blog\/#\/schema\/person\/092c1757e2c0bf93e962ffa20c9f030f"},"potentialAction":[{"@type":"SearchAction","target":{"@type":"EntryPoint","urlTemplate":"https:\/\/whishsports.com\/Blog\/?s={search_term_string}"},"query-input":{"@type":"PropertyValueSpecification","valueRequired":true,"valueName":"search_term_string"}}],"inLanguage":"fr-FR"},{"@type":["Person","Organization"],"@id":"https:\/\/whishsports.com\/Blog\/#\/schema\/person\/092c1757e2c0bf93e962ffa20c9f030f","name":"Youssef Mdarhri","image":{"@type":"ImageObject","inLanguage":"fr-FR","@id":"https:\/\/whishsports.com\/Blog\/wp-content\/cache\/swift-performance\/whishsports.com\/garvatar-cache\/ce089acd258df48c9104267b15b7edfd","url":"https:\/\/whishsports.com\/Blog\/wp-content\/cache\/swift-performance\/whishsports.com\/garvatar-cache\/ce089acd258df48c9104267b15b7edfd","contentUrl":"https:\/\/whishsports.com\/Blog\/wp-content\/cache\/swift-performance\/whishsports.com\/garvatar-cache\/ce089acd258df48c9104267b15b7edfd","caption":"Youssef Mdarhri"},"logo":{"@id":"https:\/\/whishsports.com\/Blog\/wp-content\/cache\/swift-performance\/whishsports.com\/garvatar-cache\/ce089acd258df48c9104267b15b7edfd"},"sameAs":["https:\/\/whishsports.com"]}]}},"jetpack_sharing_enabled":true,"_links":{"self":[{"href":"https:\/\/whishsports.com\/Blog\/wp-json\/wp\/v2\/pages\/299","targetHints":{"allow":["GET"]}}],"collection":[{"href":"https:\/\/whishsports.com\/Blog\/wp-json\/wp\/v2\/pages"}],"about":[{"href":"https:\/\/whishsports.com\/Blog\/wp-json\/wp\/v2\/types\/page"}],"author":[{"embeddable":true,"href":"https:\/\/whishsports.com\/Blog\/wp-json\/wp\/v2\/users\/2"}],"replies":[{"embeddable":true,"href":"https:\/\/whishsports.com\/Blog\/wp-json\/wp\/v2\/comments?post=299"}],"version-history":[{"count":3,"href":"https:\/\/whishsports.com\/Blog\/wp-json\/wp\/v2\/pages\/299\/revisions"}],"predecessor-version":[{"id":542,"href":"https:\/\/whishsports.com\/Blog\/wp-json\/wp\/v2\/pages\/299\/revisions\/542"}],"wp:attachment":[{"href":"https:\/\/whishsports.com\/Blog\/wp-json\/wp\/v2\/media?parent=299"}],"curies":[{"name":"wp","href":"https:\/\/api.w.org\/{rel}","templated":true}]}}